the units digit of h?
7
Suppose 3*h - 2*o - 4563 = 0, -11*h = -13*h + 4*o + 3050. What is the tens digit of h?
1
Suppose -48 = 9*i - 13*i. Let b = i + -10. Suppose -2*s + 39 + 49 = -b*z, -4*z + 16 = 0. What is the tens digit of s?
4
What is the tens digit of 125125/130 + (-1)/2?
6
Let h be (8/10)/((-16)/360). Let j = h - -50. What is the tens digit of j?
3
Let x(r) = -2*r - 8. Suppose -9*g + 10*g = 12. Let j be x(g). Let c = 49 + j. What is the tens digit of c?
1
Let n(x) = -x**3 - 8*x**2 - 8*x + 2. Let m be n(-6). Let p(f) = -4*f + 13. What is the units digit of p(m)?
1
Let j = -91 - -88. What is the tens digit of (-108)/(-14)*((-56)/j)/4?
3
Let l(d) = 186*d - 222. What is the hundreds digit of l(10)?
6
Suppose -23 = -5*g - 8. Let a be 1*(-9)/g - -1. What is the units digit of (-11)/a - (-2)/4?
6
Suppose 0 = -3*f + 4*j - 134 + 886, 0 = 4*f + 4*j - 1012. Suppose -2*x + 3*g - f = 0, -9 = -3*g + 3. Let n = 170 + x. What is the units digit of n?
0
Suppose -10*o = -724 - 886. What is the tens digit of o?
6
Suppose -5*d - 40 = 3*o, 4*d - 39 = 8*d + o. Let w(k) = -k - 1. Let q(t) = -t**2 - 10*t - 8. Let c(g) = q(g) + 3*w(g). What is the units digit of c(d)?
1
Let s = -149 + 64. What is the units digit of s/(-20) - (-9)/12?
5
Suppose -3*t - 5*w = 1, t + 0*w - w - 5 = 0. Suppose 5*m = t*g - 152, -g - 3*m + 32 = -0*m. What is the units digit of g?
4
Let i(r) = r + 71. Let q(b) = -b**3 - 5*b**2 + b + 5. Let h be q(-5). What is the tens digit of i(h)?
7
Suppose 4*a + 2 = 14. Let w(h) = -5*h**3 - 6 + 2*h + a*h**3 + 13 + h**3 + 5*h**2. What is the units digit of w(5)?
7
Let c = -3 + 7. Let v = 5 - 3. Suppose 37 = c*t - 3*s, 4*t - 47 = -s + v*s. What is the units digit of t?
3
Let k(j) = -11*j**2. Let n be k(1). Let f = n - -8. What is the tens digit of 3 + (f - -2) - -31?
3
Let c(q) = -q**2 + 27*q + 17. Let y(g) = -g**3 - 7*g**2 - 3*g + 5. Let b be y(-7). What is the units digit of c(b)?
3
Let t(g) = 4*g - 75. Let z be t(20). Let i(s) = 6*s + s + 5 + 7*s. What is the tens digit of i(z)?
7
Let m(g) = -2*g**3 + 4*g + 12 + 408*g**2 - 408*g**2. What is the hundreds digit of m(-4)?
1
Suppose -5*j = -3*h + 31, 2*h = 4*j - 8*j - 16. Suppose f + h*f - m = 32, 4*f - 3*m - 36 = 0. Suppose -2*n + 68 = f. What is the tens digit of n?
2
Suppose -519 = -2*s - 51. Suppose -3*y = -v - 269 - s, -16 = -4*v. What is the units digit of y?
9
Suppose -13*c + 690 = -10*c. Let q = c + -116. What is the tens digit of q?
1
What is the tens digit of 10/1*(33 + -6)?
7
Suppose 2*c = -2 + 8. Let k(t) = 5*t**3 - 4*t**c + 27 + 2*t - 2*t**3 - t. What is the tens digit of k(0)?
2
Let z(r) = r**2 + 7*r + 2. Let w be z(-7). Suppose 0 = u + v - w, -2*u = 3*u - 3*v - 10. Suppose 5*o + u - 27 = 0. What is the units digit of o?
5
Let s(t) be the first derivative of -t**5/40 + t**4/24 + 2*t**3 + 4. Let r(i) be the third derivative of s(i). What is the units digit of r(-10)?
1
Let y(l) = l - 1. Let c be y(3). Suppose 4*w + 10 = 3*i - 4, c*w = -4*i + 4. What is the units digit of i?
2
Suppose -5*p + 10 = 0, 2*i - 4*p = i - 52. Let x = -33 - i. What is the units digit of x?
1
Let z(r) be the first derivative of r**4/4 - 3*r**3 + 3*r**2/2 - 10*r + 1. Suppose -16 = -14*c + 10*c - 4*f, -c + 3*f = -24. What is the tens digit of z(c)?
1
Let o(y) = y**3 + 18*y**2 + 9*y - 17. What is the tens digit of o(-12)?
3
Suppose -197*b + 194*b + 4080 = 0. What is the units digit of b?
0
Let k = 1861 + 273. What is the tens digit of k?
3
Suppose 1 = -3*b - 4*u, -5*u - 35 = -3*b - 0*u. Suppose -d + 7 = b*c, 2*d - c - 14 = -0*c. Let q = d + 46. What is the tens digit of q?
5
What is the hundreds digit of (561 + 2 + 12)*(1 + 0)?
5
Let u = 85 - 29. Suppose -3*s + 3*d = -246, -d + 374 - u = 4*s. What is the units digit of 8/10 - s/(-25)?
4
Let k(i) = 603*i - 3. Let u be k(1). Suppose -6*g + 120 = -u. What is the tens digit of g?
2
Suppose -5*l + 2*l = 0. Suppose -2*a - 3*m = -182, -4*m = a - l*a - 101. What is the tens digit of a?
8
What is the units digit of 220/(-40)*-6*11?
3
Let j(k) = k**3 - 41 + 0*k**3 - 6*k**2 - 2*k**2 - 3*k**2. What is the tens digit of j(13)?
9
Let f = -631 - -1088. What is the units digit of f?
7
Suppose 3*v + q - 13 = 0, -4*v + 3*v - 5*q - 19 = 0. Suppose -b = -c - 2, -3*b + 0*c - v = c. What is the units digit of (b + 58)*(-4)/(-12)?
9
Let s = 423 + -353. What is the units digit of s?
0
Let a(s) = -31*s**2 - s + 4. Let k(c) = 32*c**2 + c - 3. Let b(h) = 3*a(h) + 4*k(h). What is the tens digit of b(2)?
4
Suppose -c + 2*l + 1090 = -0*l, 4*c - 4356 = 4*l. What is the units digit of c?
8
Suppose 17 + 23 = 10*l. Suppose 2*x + x = d + 317, 20 = -l*d. What is the hundreds digit of x?
1
Suppose -4*l + 10224 - 315 = -3*g, 5*l - 12420 = -3*g. What is the thousands digit of l?
2
Let k(i) = 66*i + 8. What is the tens digit of k(5)?
3
Suppose 0*x = 2*x + 6. Let h(c) = -c**3 - 3*c**2 - c + 2. Let b be h(x). Suppose -35 = -r - b*t - 3, -4*t = -12. What is the tens digit of r?
1
Let z(r) = -r + 23. Let q be 7/35 + (-36)/5. Let w(k) = -8. Let t(l) = q*w(l) - 2*z(l). What is the units digit of t(7)?
4
Let t = 5294 - 1710. What is the tens digit of t?
8
Suppose 15*b - 14*b + 8 = 0. What is the units digit of 2/b + (-1953)/(-36)?
4
Let l = -22 + 22. Suppose -20 = -4*i, -q + 2*i = -l*i - 12. What is the units digit of q?
2
Let g = -8 + -4. Let h = -22 - g. What is the tens digit of 112/(-10)*h/4?
2
Let w be 177/6*(2/2 + 3). Suppose -3*i - w = -4*i. What is the tens digit of i?
1
Let d(k) = -4*k**3 + 6*k. What is the units digit of d(-2)?
0
Let h be 2/(3 - 1)*3. Suppose -25 = -h*y - 4. What is the units digit of y?
7
Let g = 12 - 10. Suppose -2*r = -a + 5, -4*a + 5*r + 22 - g = 0. Suppose 0 = a*k + 38 - 203. What is the units digit of k?
3
Suppose 41*n = 31*n + 33780. What is the units digit of n?
8
Let k = -15 + 16. Let s be -1*-6*k/2. Suppose s*v - 6*v - 148 = -4*a, a = v + 38. What is the units digit of a?
4
Suppose q + 14*q = 5850. What is the hundreds digit of q?
3
Let l be (2 + 1 + -11)*78. Let j be l/(-18)*3/2. Suppose -j = -10*d + 8*d. What is the units digit of d?
6
What is the tens digit of 87/(3 + 6 - 6)?
2
Let s(g) = -19*g + 125. What is the hundreds digit of s(-15)?
4
Suppose 0 = -4*l + 2*x - 612, 4*l + 2*x + 626 = -3*x. Let z = l - -285. What is the tens digit of z?
3
Let m(g) = 6*g**2 + 5*g - 5. Let f be m(-5). Suppose 7*v - 2*v + f = 0. Let l = v + 37. What is the units digit of l?
3
Let z(v) = v**2 + 5*v. Let k = 150 - 138. What is the hundreds digit of z(k)?
2
Suppose 5 = -q, -13*q + 12*q = -p + 709. What is the units digit of p?
4
Suppose 0*t + t + 6 = 0. What is the tens digit of 143 + (2/t)/((-1)/6)?
4
Suppose 538 = f - c, 5*f + 2*c - 1216 = 1474. What is the hundreds digit of f?
5
Suppose 0 = -44*f + 46*f - 8. Suppose n = 81 - 32. Suppose f*c - 23 = n. What is the tens digit of c?
1
Let h be 8/14 + 22/(-14). Let g be -2*(12 - -1)*1. Let q = h - g. What is the tens digit of q?
2
Suppose 5*q - 2293 - 1027 = 0. What is the units digit of q?
4
Let d be (2 - 2)/(-1 + 2). Let l = d + 2. Suppose 0 = -l*u + 5 + 3. What is the units digit of u?
4
Let o = 274 + -46. Let v = o - -55. What is the hundreds digit of v?
2
Let f = -415 - -452. What is the units digit of f?
7
Let h = -80 - -288. What is the tens digit of h?
0
Suppose 11*v - 6047 = -5*c + 7*v, -3*c + 3623 = 5*v. What is the thousands digit of c?
1
Let j(f) = -2*f + 22. Let w be 18*(1 + 3 + -2)/4. What is the units digit of j(w)?
4
What is the thousands digit of (5795/(-15) - -8)*-3?
1
Suppose -3*z - 32 = -2. Let l = -17 - z. What is the tens digit of (24/l)/((-5)/35)?
2
Let h be (-398)/5 + 9/15. Let u be (10/2)/(-5) + -55. Let i = u - h. What is the units digit of i?
3
Let l = -1544 + 1983. What is the tens digit of l?
3
Let o = 15 - 17. Let c be o/(-8) + (-38)/(-8). Suppose c*f = 3*g - 71, -g = 4*g + 4*f - 143. What is the tens digit of g?
2
Suppose 4*i - 9 = -73. Let b = i - -18. What is the units digit of b?
2
Let n = -3 + 8. Let l = -104 + 145. Suppose -4*t = n*f - 56, -l = -3*t - f - 3*f. What is the tens digit of t?
1
Suppose -79 - 53 = -2*p + 2*m, 2*p - 135 = -m. Let j(b) = 7*b + 8. Let s be j(-6). Let i = s + p. What is the units digit of i?
3
Suppose -11 = -4*v + 13. Let y(n) = -n - 8. Let r be y(v). Let c(q) = q**2 + 14*q + 11. Wh